{"id":132573,"date":"2013-02-11T13:03:11","date_gmt":"2013-02-11T12:03:11","guid":{"rendered":"http:\/\/www.madrimasd.org\/blogs\/Empleo_madrimasd\/?page_id=132573"},"modified":"2013-03-11T13:32:17","modified_gmt":"2013-03-11T12:32:17","slug":"debate-sobre-los-articulos-de-la-circular","status":"publish","type":"page","link":"https:\/\/www.madrimasd.org\/blogs\/Empleo_madrimasd\/debate-sobre-los-articulos-de-la-circular","title":{"rendered":"Debate sobre los art\u00edculos de la Circular"},"content":{"rendered":"<p>En esta p\u00e1gina se alojan los debates de la <a href=\"http:\/\/www.madrimasd.org\/empleo\/circular\/default.asp\">Circular del Portal de Empleo I+D+i<\/a> a partir del <a href=\"http:\/\/www.madrimasd.org\/empleo\/circular\/Numero38\/default.asp\"><strong>n\u00ba 38, de enero de 2013<\/strong><\/a>. En cualquier caso, tambi\u00e9n daremos voz a quienes quieran hacer aportaciones sobre cualquier texto publicado con anterioridad.<\/p>\n<p><img decoding=\"async\" class=\"alignnone\" src=\"http:\/\/www.madrimasd.org\/empleo\/images\/Portal_Empleo_mi+d.jpg\" alt=\"\" width=\"607\" height=\"60\" \/><\/p>\n<p>En primer lugar, colgaremos enlaces numerados a las noticias publicadas, con un peque\u00f1o resumen del contenido y, si nos parece razonable, citas sobre fragmentos susceptibles de ser comentados, preguntas para los lectores, etc\u00e9tera.<\/p>\n<p>Los lectores podr\u00e1n hacernos llegar sus comentarios como comentario en el propio blog, o por correo a la direcci\u00f3n jcapitel(arroba)fue.es, indicando en el asunto del correo la noticia comentada y el n\u00famero de circular en la que fue publicada. En este caso, nosotros colgaremos esos comentarios en una entrada del blog, actualiz\u00e1ndola cuando lleguen nuevas aportaciones.<\/p>\n<p>\u00a1Gracias a todos por vuestro inter\u00e9s en los servicios de informaci\u00f3n del <a href=\"http:\/\/www.madrimasd.org\/empleo\/default.asp\">portal de empleo<\/a>!<\/p>\n<h3><a href=\"http:\/\/www.madrimasd.org\/blogs\/Empleo_madrimasd\/2013\/02\/11\/132571\">Debate sobre la Circular n\u00ba 38 (0 comentarios)<\/a><\/h3>\n<p><h3><a href=\"http:\/\/www.madrimasd.org\/blogs\/Empleo_madrimasd\/2013\/03\/01\/132615\">Debate sobre la Circular n\u00ba 39 (7 comentarios)<\/a><\/h3><\/p>\n","protected":false},"excerpt":{"rendered":"<p>En esta p\u00e1gina se alojan los debates de la Circular del Portal de Empleo I+D+i a partir del n\u00ba 38, de enero de 2013. En cualquier caso, tambi\u00e9n daremos voz a quienes quieran hacer aportaciones sobre cualquier texto publicado con anterioridad. En primer lugar, colgaremos enlaces numerados a las noticias publicadas, con un peque\u00f1o resumen del contenido y, si nos parece razonable, citas sobre fragmentos susceptibles de ser comentados, preguntas para los lectores, etc\u00e9tera. Los lectores podr\u00e1n hacernos llegar sus comentarios como comentario en el propio blog, o por correo a la direcci\u00f3n jcapitel(arroba)fue.es, indicando en el asunto del correo\u2026<\/p>\n","protected":false},"author":120,"featured_media":0,"parent":0,"menu_order":0,"comment_status":"open","ping_status":"open","template":"","meta":{"ngg_post_thumbnail":0},"blocksy_meta":{"styles_descriptor":{"styles":{"desktop":"","tablet":"","mobile":""},"google_fonts":[],"version":4}},"aioseo_notices":[],"_links":{"self":[{"href":"https:\/\/www.madrimasd.org\/blogs\/Empleo_madrimasd\/wp-json\/wp\/v2\/pages\/132573"}],"collection":[{"href":"https:\/\/www.madrimasd.org\/blogs\/Empleo_madrimasd\/wp-json\/wp\/v2\/pages"}],"about":[{"href":"https:\/\/www.madrimasd.org\/blogs\/Empleo_madrimasd\/wp-json\/wp\/v2\/types\/page"}],"author":[{"embeddable":true,"href":"https:\/\/www.madrimasd.org\/blogs\/Empleo_madrimasd\/wp-json\/wp\/v2\/users\/120"}],"replies":[{"embeddable":true,"href":"https:\/\/www.madrimasd.org\/blogs\/Empleo_madrimasd\/wp-json\/wp\/v2\/comments?post=132573"}],"version-history":[{"count":10,"href":"https:\/\/www.madrimasd.org\/blogs\/Empleo_madrimasd\/wp-json\/wp\/v2\/pages\/132573\/revisions"}],"predecessor-version":[{"id":132627,"href":"https:\/\/www.madrimasd.org\/blogs\/Empleo_madrimasd\/wp-json\/wp\/v2\/pages\/132573\/revisions\/132627"}],"wp:attachment":[{"href":"https:\/\/www.madrimasd.org\/blogs\/Empleo_madrimasd\/wp-json\/wp\/v2\/media?parent=132573"}],"curies":[{"name":"wp","href":"https:\/\/api.w.org\/{rel}","templated":true}]}}

Debate sobre los artículos de la Circular

<p>En esta página se alojan los debates de la <a href="http://www.madrimasd.org/empleo/circular/default.asp">Circular del Portal de Empleo I+D+i</a> a partir del <a href="http://www.madrimasd.org/empleo/circular/Numero38/default.asp"><strong>nº 38, de enero de 2013</strong></a>. En cualquier caso, también daremos voz a quienes quieran hacer aportaciones sobre cualquier texto publicado con anterioridad.</p>
<p><img decoding="async" class="alignnone" src="http://www.madrimasd.org/empleo/images/Portal_Empleo_mi+d.jpg" alt="" width="607" height="60" /></p>
<p>En primer lugar, colgaremos enlaces numerados a las noticias publicadas, con un pequeño resumen del contenido y, si nos parece razonable, citas sobre fragmentos susceptibles de ser comentados, preguntas para los lectores, etcétera.</p>
<p>Los lectores podrán hacernos llegar sus comentarios como comentario en el propio blog, o por correo a la dirección jcapitel(arroba)fue.es, indicando en el asunto del correo la noticia comentada y el número de circular en la que fue publicada. En este caso, nosotros colgaremos esos comentarios en una entrada del blog, actualizándola cuando lleguen nuevas aportaciones.</p>
<p>¡Gracias a todos por vuestro interés en los servicios de información del <a href="http://www.madrimasd.org/empleo/default.asp">portal de empleo</a>!</p>
<h3><a href="http://www.madrimasd.org/blogs/Empleo_madrimasd/2013/02/11/132571">Debate sobre la Circular nº 38 (0 comentarios)</a></h3>
<p><h3><a href="http://www.madrimasd.org/blogs/Empleo_madrimasd/2013/03/01/132615">Debate sobre la Circular nº 39 (7 comentarios)</a></h3></p>

<p>En esta página se alojan los debates de la Circular del Portal de Empleo I+D+i a partir del nº 38, de enero de 2013. En cualquier caso, también daremos voz a quienes quieran hacer aportaciones sobre cualquier texto publicado con anterioridad. En primer lugar, colgaremos enlaces numerados a las noticias publicadas, con un pequeño resumen del contenido y, si nos parece razonable, citas sobre fragmentos susceptibles de ser comentados, preguntas para los lectores, etcétera. Los lectores podrán hacernos llegar sus comentarios como comentario en el propio blog, o por correo a la dirección jcapitel(arroba)fue.es, indicando en el asunto del correo…</p>
