{"id":129691,"date":"2012-10-27T21:02:24","date_gmt":"2012-10-27T20:02:24","guid":{"rendered":"http:\/\/www.madrimasd.org\/blogs\/culturadered\/?page_id=129691"},"modified":"2016-07-28T23:02:11","modified_gmt":"2016-07-28T22:02:11","slug":"teccom-studies","status":"publish","type":"page","link":"https:\/\/www.madrimasd.org\/blogs\/culturadered\/teccom-studies\/","title":{"rendered":"TECCOM Studies"},"content":{"rendered":"<h2 style=\"text-align: center;\"><a href=\"http:\/\/www.teccomstudies.com\/\" rel=\"attachment wp-att-130042\" target=\"_blank\"><img decoding=\"async\" class=\"size-full wp-image-130042 aligncenter\" title=\"Teccom Studies\" src=\"https:\/\/www.madrimasd.org\/blogs\/culturadered\/files\/2012\/10\/Teccom.jpg\" alt=\"Jesus Flores\" width=\"180\" height=\"79\" \/><\/a><\/h2>\n<p><a href=\"http:\/\/www.teccomstudies.com\/\" target=\"_blank\"><strong>TecCom Studies<\/strong><\/a>, es una revista especializada en estudios de tecnolog\u00eda y comunicaci\u00f3n. Se define como un espacio digital no lucrativo, plural, integrador y abierto. Tiene como misi\u00f3n contribuir a la generaci\u00f3n y transferencia del conocimiento sobre las Tecnolog\u00edas de la informaci\u00f3n, cuya evoluci\u00f3n impacta, principalmente, en las diferentes disciplinas del conocimiento, en la formaci\u00f3n docente, en la investigaci\u00f3n, en las profesiones, en los medios y en la sociedad. Los contenidos son reflexiones, estudios, an\u00e1lisis e investigaciones sobre las TIC, Internet, Brecha y Alfabetizaci\u00f3n digital, Sociedad de la Informaci\u00f3n y Comunicaci\u00f3n (en todos sus aspectos), hechos por docentes, investigadores, profesionales y expertos, nacionales e internacionales.<\/p>\n<p>La revista <a href=\"http:\/\/www.teccomstudies.com\/\"><strong>TecCom Studies<\/strong><\/a>\u00a0naci\u00f3 como Proyecto de Investigaci\u00f3n (Art. 83 LOU) con el titulo:\u00a0<em>Estudios de Tecnolog\u00eda, Alfabetizaci\u00f3n digital y Comunicaci\u00f3n.<\/em>\u00a0Forma parte de un proyecto m\u00e1s amplio de difusi\u00f3n de trabajos e intercambio de ideas en Internet cuyo fin \u00faltimo es convertirse en el portal por excelencia de las Tecnolog\u00edas de la Informaci\u00f3n y Comunicaci\u00f3n (TIC), auspiciado por el Laboratorio de Medios Interactivos y Digitales (Lab-MID), proyecto inicial y antecedente del actual Internet Media Lab, promovido y dirigido por Jes\u00fas Miguel Flores Vivar, profesor e investigador del Departamento de Periodismo II de la Universidad Complutense de Madrid.<\/p>\n<p><strong>TecCom Studies<\/strong> Estudios de Tecnolog\u00eda y Comunicaci\u00f3n, se edita desde Internet Media Lab (Laboratorio para la Investigaci\u00f3n, Modelos e Innovaci\u00f3n de Medios Interactivos y Periodismo Transmedia), Grupo de investigaci\u00f3n de la Universidad Complutense de Madrid,\u00a0con sede en la Facultad de Ciencias de la Informaci\u00f3n\u00a0. Tiene el <strong>ISSN<\/strong> Nro. <strong>2173-6588<\/strong> y pertenece a la <a title=\"Platcom\" href=\"http:\/\/plataformarevistascomunicacion.org\/\" target=\"_blank\">Plataforma Latina de Revistas de Comunicaci\u00f3n<\/a> (PlatCom).<\/p>\n","protected":false},"excerpt":{"rendered":"<p>TecCom Studies, es una revista especializada en estudios de tecnolog\u00eda y comunicaci\u00f3n. Se define como un espacio digital no lucrativo, plural, integrador y abierto. Tiene como misi\u00f3n contribuir a la generaci\u00f3n y transferencia del conocimiento sobre las Tecnolog\u00edas de la informaci\u00f3n, cuya evoluci\u00f3n impacta, principalmente, en las diferentes disciplinas del conocimiento, en la formaci\u00f3n docente, en la investigaci\u00f3n, en las profesiones, en los medios y en la sociedad. Los contenidos son reflexiones, estudios, an\u00e1lisis e investigaciones sobre las TIC, Internet, Brecha y Alfabetizaci\u00f3n digital, Sociedad de la Informaci\u00f3n y Comunicaci\u00f3n (en todos sus aspectos), hechos por docentes, investigadores, profesionales y\u2026<\/p>\n","protected":false},"author":60,"featured_media":0,"parent":0,"menu_order":0,"comment_status":"open","ping_status":"open","template":"","meta":{"ngg_post_thumbnail":0},"blocksy_meta":{"styles_descriptor":{"styles":{"desktop":"","tablet":"","mobile":""},"google_fonts":[],"version":4}},"aioseo_notices":[],"yoast_head":"<!-- This site is optimized with the Yoast SEO plugin v18.0 - https:\/\/yoast.com\/wordpress\/plugins\/seo\/ -->\n<title>TECCOM Studies - Cultura de red<\/title>\n<meta name=\"robots\" content=\"index, follow, max-snippet:-1, max-image-preview:large, max-video-preview:-1\" \/>\n<link rel=\"canonical\" href=\"https:\/\/www.madrimasd.org\/blogs\/culturadered\/teccom-studies\/\" \/>\n<meta property=\"og:locale\" content=\"es_ES\" \/>\n<meta property=\"og:type\" content=\"article\" \/>\n<meta property=\"og:title\" content=\"TECCOM Studies - Cultura de red\" \/>\n<meta property=\"og:description\" content=\"TecCom Studies, es una revista especializada en estudios de tecnolog\u00eda y comunicaci\u00f3n. Se define como un espacio digital no lucrativo, plural, integrador y abierto. Tiene como misi\u00f3n contribuir a la generaci\u00f3n y transferencia del conocimiento sobre las Tecnolog\u00edas de la informaci\u00f3n, cuya evoluci\u00f3n impacta, principalmente, en las diferentes disciplinas del conocimiento, en la formaci\u00f3n docente, en la investigaci\u00f3n, en las profesiones, en los medios y en la sociedad. Los contenidos son reflexiones, estudios, an\u00e1lisis e investigaciones sobre las TIC, Internet, Brecha y Alfabetizaci\u00f3n digital, Sociedad de la Informaci\u00f3n y Comunicaci\u00f3n (en todos sus aspectos), hechos por docentes, investigadores, profesionales y\u2026\" \/>\n<meta property=\"og:url\" content=\"https:\/\/www.madrimasd.org\/blogs\/culturadered\/teccom-studies\/\" \/>\n<meta property=\"og:site_name\" content=\"Cultura de red\" \/>\n<meta property=\"article:modified_time\" content=\"2016-07-28T22:02:11+00:00\" \/>\n<meta property=\"og:image\" content=\"http:\/\/www.madrimasd.org\/blogs\/culturadered\/files\/2012\/10\/Teccom.jpg\" \/>\n<meta name=\"twitter:card\" content=\"summary_large_image\" \/>\n<meta name=\"twitter:label1\" content=\"Tiempo de lectura\" \/>\n\t<meta name=\"twitter:data1\" content=\"1 minuto\" \/>\n<script type=\"application\/ld+json\" class=\"yoast-schema-graph\">{\"@context\":\"https:\/\/schema.org\",\"@graph\":[{\"@type\":\"WebSite\",\"@id\":\"https:\/\/www.madrimasd.org\/blogs\/culturadered\/#website\",\"url\":\"https:\/\/www.madrimasd.org\/blogs\/culturadered\/\",\"name\":\"Cultura de red\",\"description\":\"By Jes\u00fas Miguel Flores-Vivar, Emerging Media Analist &amp; Professor at Complutense University of Madrid. Chairman of Cyberjournalism Congress &amp; Director of Internet Media Lab-UCM.\",\"potentialAction\":[{\"@type\":\"SearchAction\",\"target\":{\"@type\":\"EntryPoint\",\"urlTemplate\":\"https:\/\/www.madrimasd.org\/blogs\/culturadered\/?s={search_term_string}\"},\"query-input\":\"required name=search_term_string\"}],\"inLanguage\":\"es\"},{\"@type\":\"ImageObject\",\"@id\":\"https:\/\/www.madrimasd.org\/blogs\/culturadered\/teccom-studies\/#primaryimage\",\"inLanguage\":\"es\",\"url\":\"http:\/\/www.madrimasd.org\/blogs\/culturadered\/files\/2012\/10\/Teccom.jpg\",\"contentUrl\":\"http:\/\/www.madrimasd.org\/blogs\/culturadered\/files\/2012\/10\/Teccom.jpg\"},{\"@type\":\"WebPage\",\"@id\":\"https:\/\/www.madrimasd.org\/blogs\/culturadered\/teccom-studies\/#webpage\",\"url\":\"https:\/\/www.madrimasd.org\/blogs\/culturadered\/teccom-studies\/\",\"name\":\"TECCOM Studies - Cultura de red\",\"isPartOf\":{\"@id\":\"https:\/\/www.madrimasd.org\/blogs\/culturadered\/#website\"},\"primaryImageOfPage\":{\"@id\":\"https:\/\/www.madrimasd.org\/blogs\/culturadered\/teccom-studies\/#primaryimage\"},\"datePublished\":\"2012-10-27T20:02:24+00:00\",\"dateModified\":\"2016-07-28T22:02:11+00:00\",\"breadcrumb\":{\"@id\":\"https:\/\/www.madrimasd.org\/blogs\/culturadered\/teccom-studies\/#breadcrumb\"},\"inLanguage\":\"es\",\"potentialAction\":[{\"@type\":\"ReadAction\",\"target\":[\"https:\/\/www.madrimasd.org\/blogs\/culturadered\/teccom-studies\/\"]}]},{\"@type\":\"BreadcrumbList\",\"@id\":\"https:\/\/www.madrimasd.org\/blogs\/culturadered\/teccom-studies\/#breadcrumb\",\"itemListElement\":[{\"@type\":\"ListItem\",\"position\":1,\"name\":\"Portada\",\"item\":\"https:\/\/www.madrimasd.org\/blogs\/culturadered\/\"},{\"@type\":\"ListItem\",\"position\":2,\"name\":\"TECCOM Studies\"}]}]}<\/script>\n<!-- \/ Yoast SEO plugin. -->","yoast_head_json":{"title":"TECCOM Studies - Cultura de red","robots":{"index":"index","follow":"follow","max-snippet":"max-snippet:-1","max-image-preview":"max-image-preview:large","max-video-preview":"max-video-preview:-1"},"canonical":"https:\/\/www.madrimasd.org\/blogs\/culturadered\/teccom-studies\/","og_locale":"es_ES","og_type":"article","og_title":"TECCOM Studies - Cultura de red","og_description":"TecCom Studies, es una revista especializada en estudios de tecnolog\u00eda y comunicaci\u00f3n. Se define como un espacio digital no lucrativo, plural, integrador y abierto. Tiene como misi\u00f3n contribuir a la generaci\u00f3n y transferencia del conocimiento sobre las Tecnolog\u00edas de la informaci\u00f3n, cuya evoluci\u00f3n impacta, principalmente, en las diferentes disciplinas del conocimiento, en la formaci\u00f3n docente, en la investigaci\u00f3n, en las profesiones, en los medios y en la sociedad. Los contenidos son reflexiones, estudios, an\u00e1lisis e investigaciones sobre las TIC, Internet, Brecha y Alfabetizaci\u00f3n digital, Sociedad de la Informaci\u00f3n y Comunicaci\u00f3n (en todos sus aspectos), hechos por docentes, investigadores, profesionales y\u2026","og_url":"https:\/\/www.madrimasd.org\/blogs\/culturadered\/teccom-studies\/","og_site_name":"Cultura de red","article_modified_time":"2016-07-28T22:02:11+00:00","og_image":[{"url":"http:\/\/www.madrimasd.org\/blogs\/culturadered\/files\/2012\/10\/Teccom.jpg"}],"twitter_card":"summary_large_image","twitter_misc":{"Tiempo de lectura":"1 minuto"},"schema":{"@context":"https:\/\/schema.org","@graph":[{"@type":"WebSite","@id":"https:\/\/www.madrimasd.org\/blogs\/culturadered\/#website","url":"https:\/\/www.madrimasd.org\/blogs\/culturadered\/","name":"Cultura de red","description":"By Jes\u00fas Miguel Flores-Vivar, Emerging Media Analist &amp; Professor at Complutense University of Madrid. Chairman of Cyberjournalism Congress &amp; Director of Internet Media Lab-UCM.","potentialAction":[{"@type":"SearchAction","target":{"@type":"EntryPoint","urlTemplate":"https:\/\/www.madrimasd.org\/blogs\/culturadered\/?s={search_term_string}"},"query-input":"required name=search_term_string"}],"inLanguage":"es"},{"@type":"ImageObject","@id":"https:\/\/www.madrimasd.org\/blogs\/culturadered\/teccom-studies\/#primaryimage","inLanguage":"es","url":"http:\/\/www.madrimasd.org\/blogs\/culturadered\/files\/2012\/10\/Teccom.jpg","contentUrl":"http:\/\/www.madrimasd.org\/blogs\/culturadered\/files\/2012\/10\/Teccom.jpg"},{"@type":"WebPage","@id":"https:\/\/www.madrimasd.org\/blogs\/culturadered\/teccom-studies\/#webpage","url":"https:\/\/www.madrimasd.org\/blogs\/culturadered\/teccom-studies\/","name":"TECCOM Studies - Cultura de red","isPartOf":{"@id":"https:\/\/www.madrimasd.org\/blogs\/culturadered\/#website"},"primaryImageOfPage":{"@id":"https:\/\/www.madrimasd.org\/blogs\/culturadered\/teccom-studies\/#primaryimage"},"datePublished":"2012-10-27T20:02:24+00:00","dateModified":"2016-07-28T22:02:11+00:00","breadcrumb":{"@id":"https:\/\/www.madrimasd.org\/blogs\/culturadered\/teccom-studies\/#breadcrumb"},"inLanguage":"es","potentialAction":[{"@type":"ReadAction","target":["https:\/\/www.madrimasd.org\/blogs\/culturadered\/teccom-studies\/"]}]},{"@type":"BreadcrumbList","@id":"https:\/\/www.madrimasd.org\/blogs\/culturadered\/teccom-studies\/#breadcrumb","itemListElement":[{"@type":"ListItem","position":1,"name":"Portada","item":"https:\/\/www.madrimasd.org\/blogs\/culturadered\/"},{"@type":"ListItem","position":2,"name":"TECCOM Studies"}]}]}},"_links":{"self":[{"href":"https:\/\/www.madrimasd.org\/blogs\/culturadered\/wp-json\/wp\/v2\/pages\/129691"}],"collection":[{"href":"https:\/\/www.madrimasd.org\/blogs\/culturadered\/wp-json\/wp\/v2\/pages"}],"about":[{"href":"https:\/\/www.madrimasd.org\/blogs\/culturadered\/wp-json\/wp\/v2\/types\/page"}],"author":[{"embeddable":true,"href":"https:\/\/www.madrimasd.org\/blogs\/culturadered\/wp-json\/wp\/v2\/users\/60"}],"replies":[{"embeddable":true,"href":"https:\/\/www.madrimasd.org\/blogs\/culturadered\/wp-json\/wp\/v2\/comments?post=129691"}],"version-history":[{"count":6,"href":"https:\/\/www.madrimasd.org\/blogs\/culturadered\/wp-json\/wp\/v2\/pages\/129691\/revisions"}],"predecessor-version":[{"id":129693,"href":"https:\/\/www.madrimasd.org\/blogs\/culturadered\/wp-json\/wp\/v2\/pages\/129691\/revisions\/129693"}],"wp:attachment":[{"href":"https:\/\/www.madrimasd.org\/blogs\/culturadered\/wp-json\/wp\/v2\/media?parent=129691"}],"curies":[{"name":"wp","href":"https:\/\/api.w.org\/{rel}","templated":true}]}}