{"id":130051,"date":"2014-12-22T21:48:34","date_gmt":"2014-12-22T20:48:34","guid":{"rendered":"http:\/\/www.madrimasd.org\/blogs\/culturadered\/?page_id=130051"},"modified":"2016-07-28T23:16:21","modified_gmt":"2016-07-28T22:16:21","slug":"cibercom","status":"publish","type":"page","link":"https:\/\/www.madrimasd.org\/blogs\/culturadered\/cibercom\/","title":{"rendered":"CIBERCOM"},"content":{"rendered":"<p><a href=\"http:\/\/cibercom.es\/\" rel=\"attachment wp-att-130052\"><img decoding=\"async\" class=\"aligncenter size-full wp-image-130052\" title=\"CIBERCOM\" src=\"https:\/\/www.madrimasd.org\/blogs\/culturadered\/files\/2014\/12\/CIBERCOM.jpg\" alt=\"\" width=\"238\" height=\"110\" \/><\/a><a href=\"http:\/\/cibercom.es\/\" target=\"_blank\">CIBERcom<\/a> es una publicaci\u00f3n cuyos contenidos son realizados por los\/as estudiantes del <a title=\"M\u00e1ster Periodismo Multimedia Profesional\" href=\"http:\/\/www.ucm.es\/periodismo-multimedia-profesional\" target=\"_blank\"><strong>M\u00e1ster en Periodismo Multimedia Profesional<\/strong><\/a> de la Universidad Complutense de Madrid. Tiene por objetivo servir como medio digital de pr\u00e1cticas del periodismo profesional y local. Por tanto, sus contenidos versan sobre hechos, noticias e historias period\u00edsticas locales, potenciando el hiperlocalismo en todas sus variantes. Los contenidos que se producen intenta responder a todas las t\u00e9cnicas y valores propios del periodismo. Se aborda, principalmente, la narrativa transmedi\u00e1tica, el periodismo de datos y el uso de herramientas multimedia, entornos que potencian el desarrollo y consolidaci\u00f3n del ciberperiodismo.<\/p>\n<p>Los\/as alumnos\/as del M\u00e1ster Periodismo Multimedia Profesional, utilizan CIBERcom que se concibe como plataforma pr\u00e1ctica de las asignaturas: Ciberperiodismo y Periodismo de datos y redes sociales. Tambi\u00e9n para otras asignaturas de contenido Multimedia.<\/p>\n<p><a href=\"http:\/\/cibercom.es\/\" target=\"_blank\">CIBERcom<\/a> nace con la pretensi\u00f3n de ser un experimento de colaboraci\u00f3n entre unas unidades de docencia e investigaci\u00f3n: el Departamento de Periodismo II y el Internet Media Lab de la Universidad Complutense de Madrid, y un medio de comunicaci\u00f3n. Est\u00e1 gestionado por un equipo de trabajo, coordinado por el Prof. Jes\u00fas Flores.<\/p>\n<p>CIBERcom promueve y fomenta la colaboraci\u00f3n period\u00edstica con un tercer socio: los vecinos de la Ciudad de Madrid. El sitio est\u00e1 dise\u00f1ado para reflejar informar lo que pasa en la ciudad, distritos y barrios, informar sobre sus problemas y preocupaciones, dar voz a la gente como foro p\u00fablico y crear un espacio en Internet para que los vecinos de Madrid puedan contar historias sobre s\u00ed mismos. Y los estudiantes del M\u00e1ster en Periodismo Multimedia Profesional se erigen, a trav\u00e9s de sus notas period\u00edsticas, en catalizadores de esa preocupaci\u00f3n ciudadana.<\/p>\n","protected":false},"excerpt":{"rendered":"<p>CIBERcom es una publicaci\u00f3n cuyos contenidos son realizados por los\/as estudiantes del M\u00e1ster en Periodismo Multimedia Profesional de la Universidad Complutense de Madrid. Tiene por objetivo servir como medio digital de pr\u00e1cticas del periodismo profesional y local. Por tanto, sus contenidos versan sobre hechos, noticias e historias period\u00edsticas locales, potenciando el hiperlocalismo en todas sus variantes. Los contenidos que se producen intenta responder a todas las t\u00e9cnicas y valores propios del periodismo. Se aborda, principalmente, la narrativa transmedi\u00e1tica, el periodismo de datos y el uso de herramientas multimedia, entornos que potencian el desarrollo y consolidaci\u00f3n del ciberperiodismo. Los\/as alumnos\/as del\u2026<\/p>\n","protected":false},"author":60,"featured_media":0,"parent":0,"menu_order":2,"comment_status":"open","ping_status":"open","template":"","meta":{"ngg_post_thumbnail":0},"blocksy_meta":{"styles_descriptor":{"styles":{"desktop":"","tablet":"","mobile":""},"google_fonts":[],"version":4}},"aioseo_notices":[],"yoast_head":"<!-- This site is optimized with the Yoast SEO plugin v18.0 - https:\/\/yoast.com\/wordpress\/plugins\/seo\/ -->\n<title>CIBERCOM - Cultura de red<\/title>\n<meta name=\"robots\" content=\"index, follow, max-snippet:-1, max-image-preview:large, max-video-preview:-1\" \/>\n<link rel=\"canonical\" href=\"https:\/\/www.madrimasd.org\/blogs\/culturadered\/cibercom\/\" \/>\n<meta property=\"og:locale\" content=\"es_ES\" \/>\n<meta property=\"og:type\" content=\"article\" \/>\n<meta property=\"og:title\" content=\"CIBERCOM - Cultura de red\" \/>\n<meta property=\"og:description\" content=\"CIBERcom es una publicaci\u00f3n cuyos contenidos son realizados por los\/as estudiantes del M\u00e1ster en Periodismo Multimedia Profesional de la Universidad Complutense de Madrid. Tiene por objetivo servir como medio digital de pr\u00e1cticas del periodismo profesional y local. Por tanto, sus contenidos versan sobre hechos, noticias e historias period\u00edsticas locales, potenciando el hiperlocalismo en todas sus variantes. Los contenidos que se producen intenta responder a todas las t\u00e9cnicas y valores propios del periodismo. Se aborda, principalmente, la narrativa transmedi\u00e1tica, el periodismo de datos y el uso de herramientas multimedia, entornos que potencian el desarrollo y consolidaci\u00f3n del ciberperiodismo. Los\/as alumnos\/as del\u2026\" \/>\n<meta property=\"og:url\" content=\"https:\/\/www.madrimasd.org\/blogs\/culturadered\/cibercom\/\" \/>\n<meta property=\"og:site_name\" content=\"Cultura de red\" \/>\n<meta property=\"article:modified_time\" content=\"2016-07-28T22:16:21+00:00\" \/>\n<meta property=\"og:image\" content=\"http:\/\/www.madrimasd.org\/blogs\/culturadered\/files\/2014\/12\/CIBERCOM.jpg\" \/>\n<meta name=\"twitter:card\" content=\"summary_large_image\" \/>\n<meta name=\"twitter:label1\" content=\"Tiempo de lectura\" \/>\n\t<meta name=\"twitter:data1\" content=\"1 minuto\" \/>\n<script type=\"application\/ld+json\" class=\"yoast-schema-graph\">{\"@context\":\"https:\/\/schema.org\",\"@graph\":[{\"@type\":\"WebSite\",\"@id\":\"https:\/\/www.madrimasd.org\/blogs\/culturadered\/#website\",\"url\":\"https:\/\/www.madrimasd.org\/blogs\/culturadered\/\",\"name\":\"Cultura de red\",\"description\":\"By Jes\u00fas Miguel Flores-Vivar, Emerging Media Analist &amp; Professor at Complutense University of Madrid. Chairman of Cyberjournalism Congress &amp; Director of Internet Media Lab-UCM.\",\"potentialAction\":[{\"@type\":\"SearchAction\",\"target\":{\"@type\":\"EntryPoint\",\"urlTemplate\":\"https:\/\/www.madrimasd.org\/blogs\/culturadered\/?s={search_term_string}\"},\"query-input\":\"required name=search_term_string\"}],\"inLanguage\":\"es\"},{\"@type\":\"ImageObject\",\"@id\":\"https:\/\/www.madrimasd.org\/blogs\/culturadered\/cibercom\/#primaryimage\",\"inLanguage\":\"es\",\"url\":\"http:\/\/www.madrimasd.org\/blogs\/culturadered\/files\/2014\/12\/CIBERCOM.jpg\",\"contentUrl\":\"http:\/\/www.madrimasd.org\/blogs\/culturadered\/files\/2014\/12\/CIBERCOM.jpg\"},{\"@type\":\"WebPage\",\"@id\":\"https:\/\/www.madrimasd.org\/blogs\/culturadered\/cibercom\/#webpage\",\"url\":\"https:\/\/www.madrimasd.org\/blogs\/culturadered\/cibercom\/\",\"name\":\"CIBERCOM - Cultura de red\",\"isPartOf\":{\"@id\":\"https:\/\/www.madrimasd.org\/blogs\/culturadered\/#website\"},\"primaryImageOfPage\":{\"@id\":\"https:\/\/www.madrimasd.org\/blogs\/culturadered\/cibercom\/#primaryimage\"},\"datePublished\":\"2014-12-22T20:48:34+00:00\",\"dateModified\":\"2016-07-28T22:16:21+00:00\",\"breadcrumb\":{\"@id\":\"https:\/\/www.madrimasd.org\/blogs\/culturadered\/cibercom\/#breadcrumb\"},\"inLanguage\":\"es\",\"potentialAction\":[{\"@type\":\"ReadAction\",\"target\":[\"https:\/\/www.madrimasd.org\/blogs\/culturadered\/cibercom\/\"]}]},{\"@type\":\"BreadcrumbList\",\"@id\":\"https:\/\/www.madrimasd.org\/blogs\/culturadered\/cibercom\/#breadcrumb\",\"itemListElement\":[{\"@type\":\"ListItem\",\"position\":1,\"name\":\"Portada\",\"item\":\"https:\/\/www.madrimasd.org\/blogs\/culturadered\/\"},{\"@type\":\"ListItem\",\"position\":2,\"name\":\"CIBERCOM\"}]}]}<\/script>\n<!-- \/ Yoast SEO plugin. -->","yoast_head_json":{"title":"CIBERCOM - Cultura de red","robots":{"index":"index","follow":"follow","max-snippet":"max-snippet:-1","max-image-preview":"max-image-preview:large","max-video-preview":"max-video-preview:-1"},"canonical":"https:\/\/www.madrimasd.org\/blogs\/culturadered\/cibercom\/","og_locale":"es_ES","og_type":"article","og_title":"CIBERCOM - Cultura de red","og_description":"CIBERcom es una publicaci\u00f3n cuyos contenidos son realizados por los\/as estudiantes del M\u00e1ster en Periodismo Multimedia Profesional de la Universidad Complutense de Madrid. Tiene por objetivo servir como medio digital de pr\u00e1cticas del periodismo profesional y local. Por tanto, sus contenidos versan sobre hechos, noticias e historias period\u00edsticas locales, potenciando el hiperlocalismo en todas sus variantes. Los contenidos que se producen intenta responder a todas las t\u00e9cnicas y valores propios del periodismo. Se aborda, principalmente, la narrativa transmedi\u00e1tica, el periodismo de datos y el uso de herramientas multimedia, entornos que potencian el desarrollo y consolidaci\u00f3n del ciberperiodismo. Los\/as alumnos\/as del\u2026","og_url":"https:\/\/www.madrimasd.org\/blogs\/culturadered\/cibercom\/","og_site_name":"Cultura de red","article_modified_time":"2016-07-28T22:16:21+00:00","og_image":[{"url":"http:\/\/www.madrimasd.org\/blogs\/culturadered\/files\/2014\/12\/CIBERCOM.jpg"}],"twitter_card":"summary_large_image","twitter_misc":{"Tiempo de lectura":"1 minuto"},"schema":{"@context":"https:\/\/schema.org","@graph":[{"@type":"WebSite","@id":"https:\/\/www.madrimasd.org\/blogs\/culturadered\/#website","url":"https:\/\/www.madrimasd.org\/blogs\/culturadered\/","name":"Cultura de red","description":"By Jes\u00fas Miguel Flores-Vivar, Emerging Media Analist &amp; Professor at Complutense University of Madrid. Chairman of Cyberjournalism Congress &amp; Director of Internet Media Lab-UCM.","potentialAction":[{"@type":"SearchAction","target":{"@type":"EntryPoint","urlTemplate":"https:\/\/www.madrimasd.org\/blogs\/culturadered\/?s={search_term_string}"},"query-input":"required name=search_term_string"}],"inLanguage":"es"},{"@type":"ImageObject","@id":"https:\/\/www.madrimasd.org\/blogs\/culturadered\/cibercom\/#primaryimage","inLanguage":"es","url":"http:\/\/www.madrimasd.org\/blogs\/culturadered\/files\/2014\/12\/CIBERCOM.jpg","contentUrl":"http:\/\/www.madrimasd.org\/blogs\/culturadered\/files\/2014\/12\/CIBERCOM.jpg"},{"@type":"WebPage","@id":"https:\/\/www.madrimasd.org\/blogs\/culturadered\/cibercom\/#webpage","url":"https:\/\/www.madrimasd.org\/blogs\/culturadered\/cibercom\/","name":"CIBERCOM - Cultura de red","isPartOf":{"@id":"https:\/\/www.madrimasd.org\/blogs\/culturadered\/#website"},"primaryImageOfPage":{"@id":"https:\/\/www.madrimasd.org\/blogs\/culturadered\/cibercom\/#primaryimage"},"datePublished":"2014-12-22T20:48:34+00:00","dateModified":"2016-07-28T22:16:21+00:00","breadcrumb":{"@id":"https:\/\/www.madrimasd.org\/blogs\/culturadered\/cibercom\/#breadcrumb"},"inLanguage":"es","potentialAction":[{"@type":"ReadAction","target":["https:\/\/www.madrimasd.org\/blogs\/culturadered\/cibercom\/"]}]},{"@type":"BreadcrumbList","@id":"https:\/\/www.madrimasd.org\/blogs\/culturadered\/cibercom\/#breadcrumb","itemListElement":[{"@type":"ListItem","position":1,"name":"Portada","item":"https:\/\/www.madrimasd.org\/blogs\/culturadered\/"},{"@type":"ListItem","position":2,"name":"CIBERCOM"}]}]}},"_links":{"self":[{"href":"https:\/\/www.madrimasd.org\/blogs\/culturadered\/wp-json\/wp\/v2\/pages\/130051"}],"collection":[{"href":"https:\/\/www.madrimasd.org\/blogs\/culturadered\/wp-json\/wp\/v2\/pages"}],"about":[{"href":"https:\/\/www.madrimasd.org\/blogs\/culturadered\/wp-json\/wp\/v2\/types\/page"}],"author":[{"embeddable":true,"href":"https:\/\/www.madrimasd.org\/blogs\/culturadered\/wp-json\/wp\/v2\/users\/60"}],"replies":[{"embeddable":true,"href":"https:\/\/www.madrimasd.org\/blogs\/culturadered\/wp-json\/wp\/v2\/comments?post=130051"}],"version-history":[{"count":5,"href":"https:\/\/www.madrimasd.org\/blogs\/culturadered\/wp-json\/wp\/v2\/pages\/130051\/revisions"}],"predecessor-version":[{"id":130054,"href":"https:\/\/www.madrimasd.org\/blogs\/culturadered\/wp-json\/wp\/v2\/pages\/130051\/revisions\/130054"}],"wp:attachment":[{"href":"https:\/\/www.madrimasd.org\/blogs\/culturadered\/wp-json\/wp\/v2\/media?parent=130051"}],"curies":[{"name":"wp","href":"https:\/\/api.w.org\/{rel}","templated":true}]}}