{"id":7,"date":"2010-07-01T14:49:23","date_gmt":"2010-07-01T13:49:23","guid":{"rendered":"http:\/\/www.madrimasd.org\/blogs\/envejecer-positivo\/?page_id=7"},"modified":"2012-02-23T11:01:11","modified_gmt":"2012-02-23T10:01:11","slug":"multimedia","status":"publish","type":"page","link":"https:\/\/www.madrimasd.org\/blogs\/envejecer-positivo\/multimedia\/","title":{"rendered":"Multimedia"},"content":{"rendered":"<h3><span style=\"color: #808000;\"><span style=\"cursor: pointer; margin-right: 7px; text-decoration: none;\">Bienvenidos a la Fundaci\u00f3n  General CSIC<\/span><\/span><\/h3>\n<p>Facilitar, potenciar, promover y, en definitiva, articular financiaci\u00f3n  privada para realizar investigaci\u00f3n p\u00fablica es el objetivo de la  Fundaci\u00f3n General CSIC.<\/p>\n<p>[youtube]http:\/\/www.youtube.com\/watch?v=L7Q0jC-eDTQ[\/youtube]<\/p>\n<h3><span style=\"color: #808000;\">23 Horas y Media<\/span><\/h3>\n<p>El Dr. Mike Evans ha realizado una infograf\u00eda sobre la pr\u00e1ctica del <strong>ejercicio f\u00edsico<\/strong> y sus beneficios para un envejecimiento saludable que se pueden conseguir con la pr\u00e1ctica de cara a la prevenci\u00f3n de enfermedades.\u00a0El <strong>Dr. Mike Evans<\/strong> es fundador del Health Design Lab en el Li Ka Shing Knowledge Institute y es profesor de medicina general y Salud P\u00fablica en la Universidad de Toronto y m\u00e9dico del St. Michael\u2019s Hospital.\u00a0En el v\u00eddeo utiliza varias <strong>referencias bibliogr\u00e1ficas<\/strong> para fundamentar su argumento. Referencias de numerosas investigaciones cient\u00edficas relacionadas con el ejercicio f\u00edsico y la salud, donde figuran algunos grandes investigadores del campo como Steven Blair.\u00a0<em>Fecha de emisi\u00f3n: 17\/02\/12<\/em><\/p>\n<p>Fuente:\u00a0<a href=\"http:\/\/info.toageornottoage.com\" target=\"_blank\"><\/a><a title=\"https:\/\/twitter.com\/docmikeevans\" dir=\"ltr\" rel=\"nofollow\" href=\"https:\/\/twitter.com\/docmikeevans\" target=\"_blank\">https:\/\/twitter.com\/docmikeevans<\/a><\/p>\n<p>[youtube]http:\/\/www.youtube.com\/watch?v=wYwHIkpQmqQ&amp;feature=channel_video_title[\/youtube]<\/p>\n<h3><span style=\"color: #808000;\">Evolucionando para ser m\u00e1s longevos<\/span><\/h3>\n<p>La evoluci\u00f3n biol\u00f3gica ha sido tradicionalmente vista como resultado de mutaciones en los genes. Sin embargo, este tipo de evoluci\u00f3n puede requerir cientos de miles o millones de a\u00f1os para afianzarse Ahora sabemos que la evoluci\u00f3n puede ocurrir mucho m\u00e1s r\u00e1pido, en tan s\u00f3lo unas pocas generaciones. <em>Fecha de emisi\u00f3n: 26\/02\/11<\/em><\/p>\n<p>Fuente: <a href=\"http:\/\/info.toageornottoage.com\" target=\"_blank\">To Age or Not to Age<\/a><\/p>\n<p>[vimeo]http:\/\/vimeo.com\/20410618[\/vimeo]<\/p>\n<h3><span style=\"color: #808000;\">Envejecemos y seremos menos<\/span><\/h3>\n<p style=\"text-align: justify;\">En el programa Redes de La 2 de rtve, Reiner Klingholz, director del Instituto para la Poblaci\u00f3n y el Desarrollo de Berl\u00edn, revela los retos demogr\u00e1ficos del viejo continente para entender c\u00f3mo se deber\u00edan replantear los servicios sociales. <span style=\"color: #999999; font-size: xx-small;\"><em>Fecha de emisi\u00f3n: 20\/02\/11<\/em><\/span><\/p>\n<p style=\"text-align: justify;\">Fuente: <a href=\"http:\/\/www.rtve.es\/television\/20110220\/redes-envejecemos-seremos-menos\/409961.shtml\" target=\"_blank\">rtve<\/a><\/p>\n<p>[blip.tv ?posts_id=4798466&amp;dest=-1]<\/p>\n<h3><span style=\"color: #808000;\">Jornada FGCSIC sobre Envejecimiento<\/span><\/h3>\n<p style=\"text-align: justify;\">La Fundaci\u00f3n General CSIC, el CSIC y la Obra Social \u00abla Caixa\u00bb celebraron el 16 de noviembre la Jornada sobre Envejecimiento, en la que se presentaron las distintas acciones desarrolladas por la Fundaci\u00f3n en el marco de su propia l\u00ednea estrat\u00e9gica. Entre ellas, destaca la el lanzamiento de la convocatoria de \u00abProyectos Cero FGCSIC en Envejecimiento\u00bb, impulsada por la Obra Social \u00abla Caixa\u00bb con una dotaci\u00f3n de un mill\u00f3n de euros y las  exposiciones del informe sobre envejecimiento,  elaborado por la Unidad de An\u00e1lisis, y los contenidos de la revista Lychnos, 2. Asimismo, expertos de distintas disciplinas analizaron este fen\u00f3meno, que afecta a las personas mayores.<\/p>\n<p>[youtube]http:\/\/www.youtube.com\/watch?v=N3TXlBfRBIk[\/youtube]<\/p>\n<h3><span style=\"color: #999900;\"><span style=\"cursor: pointer; margin-right: 7px; text-decoration: none;\"><span style=\"color: #808000;\">Activaci\u00f3n de la Telomerasa<\/span><br \/>\n<\/span><\/span><\/h3>\n<p>Teor\u00eda de la activaci\u00f3n de la telomerasa para aumentar la longevidad.<\/p>\n<p>[youtube]http:\/\/www.youtube.com\/watch?v=PrkPXHNlkCM[\/youtube]<\/p>\n<h3><span style=\"color: #999900;\"><span style=\"cursor: pointer; margin-right: 7px; text-decoration: none;\">L<span style=\"color: #808000;\">\u00ednea estrat\u00e9gica sobre envejecimiento de la FGCSIC<\/span><\/span><\/span><span style=\"color: #808000;\"><span style=\"cursor: pointer; margin-right: 7px; text-decoration: none;\"> <\/span><\/span><\/h3>\n<p>La Fundaci\u00f3n General CSIC, en el marco de la l\u00ednea estrat\u00e9gica sobre  Envejecimiento, discapacidad y enfermedad, ha editado un video divulgativo sobre la situaci\u00f3n de  las personas mayores de 65 a\u00f1os en la sociedad espa\u00f1ola. Un colectivo  que representa el 17 por ciento de la poblaci\u00f3n actual.<\/p>\n<p>[youtube]http:\/\/www.youtube.com\/watch?v=ksQWEFxDK7A[\/youtube]<\/p>\n<h3><span style=\"color: #808000;\"><span style=\"cursor: pointer; margin-right: 7px; text-decoration: none;\">Teor\u00eda de Paul McGlothin sobre<\/span><span style=\"cursor: pointer; margin-right: 7px; text-decoration: none;\">la Restricci\u00f3n Cal\u00f3rica<\/span><\/span><\/h3>\n<p>La Restricci\u00f3n cal\u00f3rica (RC) es la pr\u00e1ctica de limitar la ingesta energ\u00e9tica procedente de la dieta en la esperanza de que mejorar\u00e1 la salud y retrasar\u00e1 el envejecimiento. Paul McGlothin, vicepresidente de la <a href=\"http:\/\/www.crsociety.org\" target=\"_blank\"><em>CRSociety<\/em><\/a>,\u00a0 ha presentado su teor\u00eda en una charla en la <a href=\"http:\/\/www.uctv.tv\/\" target=\"_blank\">Universidad de California<\/a>.<\/p>\n<p>[youtube]http:\/\/www.youtube.com\/watch?v=fWPr58UWmOc[\/youtube]<\/p>\n<h3><span style=\"color: #999900;\">Nuevos modelos de asistencia m\u00e9dica para personas mayores: Eric Dishman<\/span><\/h3>\n<p>Eric Dishman presenta un atrevido argumento: El sistema de asistencia  m\u00e9dica estadounidense es como la inform\u00e1tica de finales de los 59;  conexiones a enormes sistemas de bases de datos centralizadas hospitales, m\u00e9dicos,  residencias de ancianos. A medida que aumenta la poblaci\u00f3n en la tercera  edad, Dishman asegura que es necesario crear un sistema de asistencia  m\u00e9dica personalizada mediante un seguimiento domiciliario<span lang=\"es\">.<\/span><\/p>\n<p><span style=\"margin: 0px auto; width: 425px;\"> <\/span><\/p>\n<h3><span style=\"color: #808000;\">Libro Blanco del envejecimiento activo<\/span><\/h3>\n<p>La consejer\u00eda para la Igualdad y Bienestar Social de la junta de Andaluc\u00eda ha  anunciado, con motivo de la celebraci\u00f3n del D\u00eda Internacional de las  Personas Mayores, que ha comenzado a elaborarse el Libro Blanco del  Envejecimiento Activo, un documento que analizar\u00e1 la nueva  situaci\u00f3n de este colectivo, sus inquietudes y sus demandas de atenci\u00f3n  en los campos social, sanitario, cultural y educativo.<\/p>\n<p>[youtube]http:\/\/www.youtube.com\/watch?v=UgyDyMIuBfc[\/youtube]<\/p>\n<h3 id=\"watch-headline-title\"><span style=\"color: #808000;\"><span title=\"Envejecimiento de la poblaci\u00f3n en Europa\">Envejecimiento de la  poblaci\u00f3n en Europa <\/span><\/span><\/h3>\n<p><span style=\"color: #999900;\"><span title=\"Envejecimiento de la poblaci\u00f3n en Europa\"><span style=\"color: #000000;\">Envejecimiento de la poblaci\u00f3n en Europa (Fuente: cyltelevisi\u00f3n)<\/span><\/span><\/span><\/p>\n<p>[youtube]http:\/\/www.youtube.com\/watch?v=2Ixf1p4f_6Y[\/youtube]<\/p>\n<p><span style=\"color: #999900;\"><span title=\"Envejecimiento de la poblaci\u00f3n en Europa\"><span style=\"color: #000000;\"><br \/>\n<\/span><\/span><\/span><\/p>\n<div style=\"width: 1px; height: 1px; overflow: hidden;\">\n<p><!--[if gte mso 9]&gt;     &lt;![endif]--><!--[if gte mso 9]&gt;  Normal 0   21   false false false  ES X-NONE X-NONE                           &lt;![endif]--><!--[if gte mso 9]&gt;                                                                                                                                            &lt;![endif]--><!--[if gte mso 10]&gt; &lt;!   \/* Style Definitions *\/  table.MsoNormalTable \t{mso-style-name:&quot;Tabla normal&quot;; \tmso-tstyle-rowband-size:0; \tmso-tstyle-colband-size:0; \tmso-style-noshow:yes; \tmso-style-priority:99; \tmso-style-qformat:yes; \tmso-style-parent:&quot;&quot;; \tmso-padding-alt:0cm 5.4pt 0cm 5.4pt; \tmso-para-margin-top:0cm; \tmso-para-margin-right:0cm; \tmso-para-margin-bottom:10.0pt; \tmso-para-margin-left:0cm; \tline-height:115%; \tmso-pagination:widow-orphan; \tfont-size:11.0pt; \tfont-family:&quot;Calibri&quot;,&quot;sans-serif&quot;; \tmso-ascii-font-family:Calibri; \tmso-ascii-theme-font:minor-latin; \tmso-fareast-font-family:&quot;Times New Roman&quot;; \tmso-fareast-theme-font:minor-fareast; \tmso-hansi-font-family:Calibri; \tmso-hansi-theme-font:minor-latin; \tmso-bidi-font-family:&quot;Times New Roman&quot;; \tmso-bidi-theme-font:minor-bidi;} --> <!--[endif]--><\/p>\n<p class=\"MsoNormal\" style=\"text-align: justify; line-height: 120%;\"><span>C\/ de Jorge Juan, 46 &#8211; 28001.<\/span><\/p>\n<p class=\"MsoNormal\" style=\"text-align: justify; line-height: 120%;\"><span>Madrid-28001 (Espa\u00f1a).<\/span><\/p>\n<\/div>\n","protected":false},"excerpt":{"rendered":"<p>Bienvenidos a la Fundaci\u00f3n General CSIC Facilitar, potenciar, promover y, en definitiva, articular financiaci\u00f3n privada para realizar investigaci\u00f3n p\u00fablica es el objetivo de la Fundaci\u00f3n General CSIC. [youtube]http:\/\/www.youtube.com\/watch?v=L7Q0jC-eDTQ[\/youtube] 23 Horas y Media El Dr. Mike Evans ha realizado una infograf\u00eda sobre la pr\u00e1ctica del ejercicio f\u00edsico y sus beneficios para un envejecimiento saludable que se pueden conseguir con la pr\u00e1ctica de cara a la prevenci\u00f3n de enfermedades.\u00a0El Dr. Mike Evans es fundador del Health Design Lab en el Li Ka Shing Knowledge Institute y es profesor de medicina general y Salud P\u00fablica en la Universidad de Toronto y m\u00e9dico del\u2026<\/p>\n","protected":false},"author":156,"featured_media":0,"parent":0,"menu_order":0,"comment_status":"open","ping_status":"open","template":"","meta":{"ngg_post_thumbnail":0},"blocksy_meta":{"styles_descriptor":{"styles":{"desktop":"","tablet":"","mobile":""},"google_fonts":[],"version":4}},"aioseo_notices":[],"_links":{"self":[{"href":"https:\/\/www.madrimasd.org\/blogs\/envejecer-positivo\/wp-json\/wp\/v2\/pages\/7"}],"collection":[{"href":"https:\/\/www.madrimasd.org\/blogs\/envejecer-positivo\/wp-json\/wp\/v2\/pages"}],"about":[{"href":"https:\/\/www.madrimasd.org\/blogs\/envejecer-positivo\/wp-json\/wp\/v2\/types\/page"}],"author":[{"embeddable":true,"href":"https:\/\/www.madrimasd.org\/blogs\/envejecer-positivo\/wp-json\/wp\/v2\/users\/156"}],"replies":[{"embeddable":true,"href":"https:\/\/www.madrimasd.org\/blogs\/envejecer-positivo\/wp-json\/wp\/v2\/comments?post=7"}],"version-history":[{"count":42,"href":"https:\/\/www.madrimasd.org\/blogs\/envejecer-positivo\/wp-json\/wp\/v2\/pages\/7\/revisions"}],"predecessor-version":[{"id":462,"href":"https:\/\/www.madrimasd.org\/blogs\/envejecer-positivo\/wp-json\/wp\/v2\/pages\/7\/revisions\/462"}],"wp:attachment":[{"href":"https:\/\/www.madrimasd.org\/blogs\/envejecer-positivo\/wp-json\/wp\/v2\/media?parent=7"}],"curies":[{"name":"wp","href":"https:\/\/api.w.org\/{rel}","templated":true}]}}