{"version":"1.0","provider_name":"Matem\u00e1ticas y sus fronteras","provider_url":"https:\/\/www.madrimasd.org\/blogs\/matematicas","author_name":"Matem\u00e1ticas y sus fronteras","author_url":"https:\/\/www.madrimasd.org\/blogs\/matematicas\/author\/matematicas","title":"Cuando Pierre Verlhust redactaba constituciones para el Vaticano - Matem\u00e1ticas y sus fronteras","type":"rich","width":600,"height":338,"html":"<blockquote class=\"wp-embedded-content\" data-secret=\"GKOXwZDmhU\"><a href=\"https:\/\/www.madrimasd.org\/blogs\/matematicas\/2018\/06\/07\/145301\">Cuando Pierre Verlhust redactaba constituciones para el Vaticano<\/a><\/blockquote><iframe sandbox=\"allow-scripts\" security=\"restricted\" src=\"https:\/\/www.madrimasd.org\/blogs\/matematicas\/2018\/06\/07\/145301\/embed#?secret=GKOXwZDmhU\" width=\"600\" height=\"338\" title=\"\u00abCuando Pierre Verlhust redactaba constituciones para el Vaticano\u00bb \u2014 Matem\u00e1ticas y sus fronteras\" data-secret=\"GKOXwZDmhU\" frameborder=\"0\" marginwidth=\"0\" marginheight=\"0\" scrolling=\"no\" class=\"wp-embedded-content\"><\/iframe><script>\n\/*! This file is auto-generated *\/\n!function(c,d){\"use strict\";var e=!1,o=!1;if(d.querySelector)if(c.addEventListener)e=!0;if(c.wp=c.wp||{},c.wp.receiveEmbedMessage);else if(c.wp.receiveEmbedMessage=function(e){var t=e.data;if(!t);else if(!(t.secret||t.message||t.value));else if(\/[^a-zA-Z0-9]\/.test(t.secret));else{for(var r,s,a,i=d.querySelectorAll('iframe[data-secret=\"'+t.secret+'\"]'),n=d.querySelectorAll('blockquote[data-secret=\"'+t.secret+'\"]'),o=new RegExp(\"^https?:$\",\"i\"),l=0;l<n.length;l++)n[l].style.display=\"none\";for(l=0;l<i.length;l++)if(r=i[l],e.source!==r.contentWindow);else{if(r.removeAttribute(\"style\"),\"height\"===t.message){if(1e3<(s=parseInt(t.value,10)))s=1e3;else if(~~s<200)s=200;r.height=s}if(\"link\"===t.message)if(s=d.createElement(\"a\"),a=d.createElement(\"a\"),s.href=r.getAttribute(\"src\"),a.href=t.value,!o.test(a.protocol));else if(a.host===s.host)if(d.activeElement===r)c.top.location.href=t.value}}},e)c.addEventListener(\"message\",c.wp.receiveEmbedMessage,!1),d.addEventListener(\"DOMContentLoaded\",t,!1),c.addEventListener(\"load\",t,!1);function t(){if(o);else{o=!0;for(var e,t,r,s=-1!==navigator.appVersion.indexOf(\"MSIE 10\"),a=!!navigator.userAgent.match(\/Trident.*rv:11\\.\/),i=d.querySelectorAll(\"iframe.wp-embedded-content\"),n=0;n<i.length;n++){if(!(r=(t=i[n]).getAttribute(\"data-secret\")))r=Math.random().toString(36).substr(2,10),t.src+=\"#?secret=\"+r,t.setAttribute(\"data-secret\",r);if(s||a)(e=t.cloneNode(!0)).removeAttribute(\"security\"),t.parentNode.replaceChild(e,t);t.contentWindow.postMessage({message:\"ready\",secret:r},\"*\")}}}}(window,document);\n<\/script>\n","description":"Coment\u00e1bamos en una entrada anterior sobre Pierre Verhulst que era de saludo delicada, aquejado de una enfermedad cr\u00f3nica sobre la que no hay documentaci\u00f3n. As\u00ed, Verhulst decide abandonar el trabajo que hab\u00eda conseguido en el Mus\u00e9e des Sciences et des Lettres de Bruselas y pasar un tiempo en Italia, con un clima m\u00e1s benigno que el belga. As\u00ed viaj\u00f3 a este pa\u00eds, y en su estancia en Roma, en el mes de septiembre de 1830, le sorprendi\u00f3 la revoluci\u00f3n belga para independizarse de los holandeses. Era en cierta manera un coletazo de las guerras entre cat\u00f3licos y protestantes de siglos\u2026","thumbnail_url":"http:\/\/www.madrimasd.org\/blogs\/matematicas\/files\/2018\/06\/spip.jpg"}

Matemáticas y sus fronteras

Cuando Pierre Verlhust redactaba constituciones para el Vaticano - Matemáticas y sus fronteras

<blockquote class="wp-embedded-content" data-secret="GKOXwZDmhU"><a href="https://www.madrimasd.org/blogs/matematicas/2018/06/07/145301">Cuando Pierre Verlhust redactaba constituciones para el Vaticano</a></blockquote><iframe sandbox="allow-scripts" security="restricted" src="https://www.madrimasd.org/blogs/matematicas/2018/06/07/145301/embed#?secret=GKOXwZDmhU" width="600" height="338" title="«Cuando Pierre Verlhust redactaba constituciones para el Vaticano» — Matemáticas y sus fronteras" data-secret="GKOXwZDmhU" frameborder="0" marginwidth="0" marginheight="0" scrolling="no" class="wp-embedded-content"></iframe><script>
/*! This file is auto-generated */
!function(c,d){"use strict";var e=!1,o=!1;if(d.querySelector)if(c.addEventListener)e=!0;if(c.wp=c.wp||{},c.wp.receiveEmbedMessage);else if(c.wp.receiveEmbedMessage=function(e){var t=e.data;if(!t);else if(!(t.secret||t.message||t.value));else if(/[^a-zA-Z0-9]/.test(t.secret));else{for(var r,s,a,i=d.querySelectorAll('iframe[data-secret="'+t.secret+'"]'),n=d.querySelectorAll('blockquote[data-secret="'+t.secret+'"]'),o=new RegExp("^https?:$","i"),l=0;l<n.length;l++)n[l].style.display="none";for(l=0;l<i.length;l++)if(r=i[l],e.source!==r.contentWindow);else{if(r.removeAttribute("style"),"height"===t.message){if(1e3<(s=parseInt(t.value,10)))s=1e3;else if(~~s<200)s=200;r.height=s}if("link"===t.message)if(s=d.createElement("a"),a=d.createElement("a"),s.href=r.getAttribute("src"),a.href=t.value,!o.test(a.protocol));else if(a.host===s.host)if(d.activeElement===r)c.top.location.href=t.value}}},e)c.addEventListener("message",c.wp.receiveEmbedMessage,!1),d.addEventListener("DOMContentLoaded",t,!1),c.addEventListener("load",t,!1);function t(){if(o);else{o=!0;for(var e,t,r,s=-1!==navigator.appVersion.indexOf("MSIE 10"),a=!!navigator.userAgent.match(/Trident.*rv:11\./),i=d.querySelectorAll("iframe.wp-embedded-content"),n=0;n<i.length;n++){if(!(r=(t=i[n]).getAttribute("data-secret")))r=Math.random().toString(36).substr(2,10),t.src+="#?secret="+r,t.setAttribute("data-secret",r);if(s||a)(e=t.cloneNode(!0)).removeAttribute("security"),t.parentNode.replaceChild(e,t);t.contentWindow.postMessage({message:"ready",secret:r},"*")}}}}(window,document);
</script>

Comentábamos en una entrada anterior sobre Pierre Verhulst que era de saludo delicada, aquejado de una enfermedad crónica sobre la que no hay documentación. Así, Verhulst decide abandonar el trabajo que había conseguido en el Musée des Sciences et des Lettres de Bruselas y pasar un tiempo en Italia, con un clima más benigno que el belga. Así viajó a este país, y en su estancia en Roma, en el mes de septiembre de 1830, le sorprendió la revolución belga para independizarse de los holandeses. Era en cierta manera un coletazo de las guerras entre católicos y protestantes de siglos…
