{"version":"1.0","provider_name":"Matem\u00e1ticas y sus fronteras","provider_url":"https:\/\/www.madrimasd.org\/blogs\/matematicas","author_name":"Matem\u00e1ticas y sus fronteras","author_url":"https:\/\/www.madrimasd.org\/blogs\/matematicas\/author\/matematicas","title":"Matem\u00e1ticas y estad\u00edstica - Matem\u00e1ticas y sus fronteras","type":"rich","width":600,"height":338,"html":"<blockquote class=\"wp-embedded-content\" data-secret=\"rIU2UU3jLT\"><a href=\"https:\/\/www.madrimasd.org\/blogs\/matematicas\/2026\/02\/22\/151152\">Matem\u00e1ticas y estad\u00edstica<\/a><\/blockquote><iframe sandbox=\"allow-scripts\" security=\"restricted\" src=\"https:\/\/www.madrimasd.org\/blogs\/matematicas\/2026\/02\/22\/151152\/embed#?secret=rIU2UU3jLT\" width=\"600\" height=\"338\" title=\"\u00abMatem\u00e1ticas y estad\u00edstica\u00bb \u2014 Matem\u00e1ticas y sus fronteras\" data-secret=\"rIU2UU3jLT\" frameborder=\"0\" marginwidth=\"0\" marginheight=\"0\" scrolling=\"no\" class=\"wp-embedded-content\"><\/iframe><script>\n\/*! This file is auto-generated *\/\n!function(c,d){\"use strict\";var e=!1,o=!1;if(d.querySelector)if(c.addEventListener)e=!0;if(c.wp=c.wp||{},c.wp.receiveEmbedMessage);else if(c.wp.receiveEmbedMessage=function(e){var t=e.data;if(!t);else if(!(t.secret||t.message||t.value));else if(\/[^a-zA-Z0-9]\/.test(t.secret));else{for(var r,s,a,i=d.querySelectorAll('iframe[data-secret=\"'+t.secret+'\"]'),n=d.querySelectorAll('blockquote[data-secret=\"'+t.secret+'\"]'),o=new RegExp(\"^https?:$\",\"i\"),l=0;l<n.length;l++)n[l].style.display=\"none\";for(l=0;l<i.length;l++)if(r=i[l],e.source!==r.contentWindow);else{if(r.removeAttribute(\"style\"),\"height\"===t.message){if(1e3<(s=parseInt(t.value,10)))s=1e3;else if(~~s<200)s=200;r.height=s}if(\"link\"===t.message)if(s=d.createElement(\"a\"),a=d.createElement(\"a\"),s.href=r.getAttribute(\"src\"),a.href=t.value,!o.test(a.protocol));else if(a.host===s.host)if(d.activeElement===r)c.top.location.href=t.value}}},e)c.addEventListener(\"message\",c.wp.receiveEmbedMessage,!1),d.addEventListener(\"DOMContentLoaded\",t,!1),c.addEventListener(\"load\",t,!1);function t(){if(o);else{o=!0;for(var e,t,r,s=-1!==navigator.appVersion.indexOf(\"MSIE 10\"),a=!!navigator.userAgent.match(\/Trident.*rv:11\\.\/),i=d.querySelectorAll(\"iframe.wp-embedded-content\"),n=0;n<i.length;n++){if(!(r=(t=i[n]).getAttribute(\"data-secret\")))r=Math.random().toString(36).substr(2,10),t.src+=\"#?secret=\"+r,t.setAttribute(\"data-secret\",r);if(s||a)(e=t.cloneNode(!0)).removeAttribute(\"security\"),t.parentNode.replaceChild(e,t);t.contentWindow.postMessage({message:\"ready\",secret:r},\"*\")}}}}(window,document);\n<\/script>\n","description":"Matem\u00e1ticas y estad\u00edstica, cuyo autor es Santiago Fern\u00e1ndez Fern\u00e1ndez, es la entrega n\u00famero 35 de la colecci\u00f3n Miradas Matem\u00e1ticas que Catarata edita con la Federaci\u00f3n Espa\u00f1ola de Profesores de Educaci\u00f3n Matem\u00e1tica (FESPM). El subt\u00edtulo de este libro es \u201cUna contribuci\u00f3n a la alfabetizaci\u00f3n estad\u00edstica para entender mejor la informaci\u00f3n que nos rodea\u201d, y est\u00e1 muy bien tra\u00eddo ya que en estos tiempos de bulos cada vez es m\u00e1s necesario proporcionar a la ciudadan\u00eda instrumentos que les ayuden a identificar la verdad de la mentira. Como se comenta en la presentaci\u00f3n del libro en la web de Catarata, se trata de\u2026","thumbnail_url":"https:\/\/www.madrimasd.org\/blogs\/matematicas\/files\/2026\/02\/edition-173396-236x372-1.jpg"}

Matemáticas y sus fronteras

Matemáticas y estadística - Matemáticas y sus fronteras

<blockquote class="wp-embedded-content" data-secret="rIU2UU3jLT"><a href="https://www.madrimasd.org/blogs/matematicas/2026/02/22/151152">Matemáticas y estadística</a></blockquote><iframe sandbox="allow-scripts" security="restricted" src="https://www.madrimasd.org/blogs/matematicas/2026/02/22/151152/embed#?secret=rIU2UU3jLT" width="600" height="338" title="«Matemáticas y estadística» — Matemáticas y sus fronteras" data-secret="rIU2UU3jLT" frameborder="0" marginwidth="0" marginheight="0" scrolling="no" class="wp-embedded-content"></iframe><script>
/*! This file is auto-generated */
!function(c,d){"use strict";var e=!1,o=!1;if(d.querySelector)if(c.addEventListener)e=!0;if(c.wp=c.wp||{},c.wp.receiveEmbedMessage);else if(c.wp.receiveEmbedMessage=function(e){var t=e.data;if(!t);else if(!(t.secret||t.message||t.value));else if(/[^a-zA-Z0-9]/.test(t.secret));else{for(var r,s,a,i=d.querySelectorAll('iframe[data-secret="'+t.secret+'"]'),n=d.querySelectorAll('blockquote[data-secret="'+t.secret+'"]'),o=new RegExp("^https?:$","i"),l=0;l<n.length;l++)n[l].style.display="none";for(l=0;l<i.length;l++)if(r=i[l],e.source!==r.contentWindow);else{if(r.removeAttribute("style"),"height"===t.message){if(1e3<(s=parseInt(t.value,10)))s=1e3;else if(~~s<200)s=200;r.height=s}if("link"===t.message)if(s=d.createElement("a"),a=d.createElement("a"),s.href=r.getAttribute("src"),a.href=t.value,!o.test(a.protocol));else if(a.host===s.host)if(d.activeElement===r)c.top.location.href=t.value}}},e)c.addEventListener("message",c.wp.receiveEmbedMessage,!1),d.addEventListener("DOMContentLoaded",t,!1),c.addEventListener("load",t,!1);function t(){if(o);else{o=!0;for(var e,t,r,s=-1!==navigator.appVersion.indexOf("MSIE 10"),a=!!navigator.userAgent.match(/Trident.*rv:11\./),i=d.querySelectorAll("iframe.wp-embedded-content"),n=0;n<i.length;n++){if(!(r=(t=i[n]).getAttribute("data-secret")))r=Math.random().toString(36).substr(2,10),t.src+="#?secret="+r,t.setAttribute("data-secret",r);if(s||a)(e=t.cloneNode(!0)).removeAttribute("security"),t.parentNode.replaceChild(e,t);t.contentWindow.postMessage({message:"ready",secret:r},"*")}}}}(window,document);
</script>

Matemáticas y estadística, cuyo autor es Santiago Fernández Fernández, es la entrega número 35 de la colección Miradas Matemáticas que Catarata edita con la Federación Española de Profesores de Educación Matemática (FESPM). El subtítulo de este libro es “Una contribución a la alfabetización estadística para entender mejor la información que nos rodea”, y está muy bien traído ya que en estos tiempos de bulos cada vez es más necesario proporcionar a la ciudadanía instrumentos que les ayuden a identificar la verdad de la mentira. Como se comenta en la presentación del libro en la web de Catarata, se trata de…
