{"id":13,"date":"2010-01-21T05:10:54","date_gmt":"2010-01-21T04:10:54","guid":{"rendered":"http:\/\/www.madrimasd.org\/blogs\/?page_id=13"},"modified":"2024-06-06T14:20:08","modified_gmt":"2024-06-06T13:20:08","slug":"listado-de-blogs","status":"publish","type":"page","link":"https:\/\/www.madrimasd.org\/blogs\/listado-de-blogs\/","title":{"rendered":"Listado de blogs"},"content":{"rendered":"<ul>\n<li style=\"list-style-type: none;\">\n<ul>\n<li><a href=\"http:\/\/www.madrimasd.org\/blogs\/msca\/\">Acciones Marie Sk\u0142odowska-Curie<\/a><br \/>\nJes\u00fas Rojo<\/li>\n<li><a href=\"http:\/\/www.madrimasd.org\/blogs\/biocienciatecnologia\/\">Bio (Ciencia+Tecnolog\u00eda)<\/a><br \/>\nJos\u00e9 Antonio L\u00f3pez<\/li>\n<li><a href=\"http:\/\/www.madrimasd.org\/blogs\/biologia_pensamiento\/\">Biolog\u00eda y pensamiento<\/a><br \/>\nEmilio Cervantes<\/li>\n<li><a href=\"http:\/\/www.madrimasd.org\/blogs\/ciencia_marina\/\">Ciencia Marina y otros asuntos<\/a><br \/>\nAntonio Figueras<\/li>\n<li><a href=\"https:\/\/www.madrimasd.org\/blogs\/astrofisica\/\">Cuaderno de bit\u00e1cora estelar<\/a><br \/>\nDavid Barrado<\/li>\n<li><a href=\"http:\/\/www.madrimasd.org\/blogs\/cultura-cientifica\/\">Cultura cient\u00edfica<\/a><br \/>\nSusana P\u00e9rez, Eduardo Ruiz-Rivas, Cristina Mart\u00edn<\/li>\n<li><a href=\"http:\/\/www.madrimasd.org\/blogs\/culturadered\/\">Cultura de Red<\/a><br \/>\nJes\u00fas Flores Vivar(GIAIP)<\/li>\n<li><a href=\"http:\/\/www.madrimasd.org\/blogs\/demadridaeuropa\/\">De Madrid a Europa<\/a><br \/>\nReyes San Segundo \/ Sonia Basulto<\/li>\n<li><a href=\"http:\/\/www.madrimasd.org\/blogs\/documentacion\/\">Documentaci\u00f3n<\/a><br \/>\nJuan Carlos Marcos Recio\/Juan Miguel S\u00e1nchez Vigil<\/li>\n<li><a href=\"http:\/\/www.madrimasd.org\/blogs\/remtavares\/\">El Agua<\/a><br \/>\nJos\u00e9 Aguado Alonso<\/li>\n<li><a href=\"http:\/\/www.madrimasd.org\/blogs\/enfermeriaprimaria\/\">Enfermer\u00eda de Atenci\u00f3n Primaria<\/a><br \/>\nSergio Pouso Canive<\/li>\n<li><a href=\"http:\/\/www.madrimasd.org\/blogs\/Historia_RRII\">Historia y Relaciones Internacionales<\/a><br \/>\nCarlos Sanz D\u00edaz<\/li>\n<li><a href=\"https:\/\/www.madrimasd.org\/blogs\/Tecnologiasdelainformacionparaelmundodelmanana\/\">Tecnolog\u00edas de la informaci\u00f3n para el mundo del ma\u00f1ana<\/a><br \/>\nBlanca Guti\u00e9rrez<\/li>\n<li><a href=\"http:\/\/www.madrimasd.org\/blogs\/emprendedores\/\">Emprendedores de Base Tecnol\u00f3gica<\/a><br \/>\nEduardo D\u00edaz; Rub\u00e9n Linacero; Carlos Romero; Manuel de Carlos; Gabriel Flores; Lluis Costa; Ana M. Losa<\/li>\n<li><a href=\"http:\/\/www.madrimasd.org\/blogs\/energiasalternativas\/\">Energ\u00eda y Sostenibilidad<\/a><br \/>\nDavid Serrano; Javier Dufour<\/li>\n<li><a href=\"http:\/\/www.madrimasd.org\/blogs\/envejecer-positivo\">Envejecer en positivo<\/a><br \/>\nJose Luis Fern\u00e1ndez<\/li>\n<li><a href=\"http:\/\/www.madrimasd.org\/blogs\/fisicateorica\/\">F\u00edsica Te\u00f3rica: explorando los secretos del Universo<\/a><br \/>\nInstituto de F\u00edsica Te\u00f3rica<\/li>\n<li><a href=\"http:\/\/www.madrimasd.org\/blogs\/fisioterapia\/\">Fisioterapia<\/a><br \/>\nJuan Antonio Gonz\u00e1lez Garc\u00eda<\/li>\n<li><a href=\"http:\/\/www.madrimasd.org\/blogs\/humanidadesdigitales\/\">Humanidades Digitales y Estudios Visuales<\/a><br \/>\n\u00c1ngel Pazos<\/li>\n<li><a href=\"http:\/\/www.madrimasd.org\/blogs\/HumoryCiencia\/\">Humor y Ciencia<\/a><br \/>\nJuan Garc\u00eda Cerrada<\/li>\n<li><a href=\"https:\/\/www.madrimasd.org\/blogs\/CienciayPoesia\/\">La Alegr\u00eda de las Musas<\/a><br \/>\nPedro Alonso Miguel<\/li>\n<li><a href=\"http:\/\/www.madrimasd.org\/blogs\/matematicas\/\">Matem\u00e1ticas y sus fronteras<\/a><br \/>\nInstituto de Ciencias Matem\u00e1ticas<\/li>\n<li><a href=\"http:\/\/www.madrimasd.org\/blogs\/ingenieriamateriales\/\">Materiales al d\u00eda &#8211; Novedades en Ingenier\u00eda de Materials<\/a><br \/>\nDepartamento de Ciencia de Materiales &#8211; UPM<\/li>\n<li><a href=\"http:\/\/www.madrimasd.org\/blogs\/medimecum\/\">Medimecum<\/a><br \/>\nMedimecum<\/li>\n<li><a href=\"http:\/\/www.madrimasd.org\/blogs\/medioambiente\/\">Medio Ambiente y Ciencia<\/a><br \/>\nAntonio Ruiz de Elvira<\/li>\n<li><a href=\"http:\/\/www.madrimasd.org\/blogs\/microbiologia\/\">microbichitos<\/a><br \/>\nMiguel Vicente. CNB-CSIC; Jes\u00fas Mingorance. La Paz; Manuel S\u00e1nchez. U. Miguel Hern\u00e1ndez<\/li>\n<li><a href=\"http:\/\/www.madrimasd.org\/blogs\/migraciones\/\">Migraciones. Reflexiones c\u00edvicas<\/a><br \/>\nJuan Carlos Velasco<\/li>\n<li><a href=\"http:\/\/www.madrimasd.org\/blogs\/mujeryciencia\/\">Mujer y Ciencia<\/a><br \/>\nAna Cremades<\/li>\n<li><a href=\"https:\/\/www.madrimasd.org\/blogs\/nextgeneration\/author\/nextgeneration\/\">Next Generation<\/a><br \/>\nNext Generation<\/li>\n<li><a href=\"http:\/\/www.madrimasd.org\/blogs\/patentesymarcas\/\">Patentes y Marcas<\/a><br \/>\nOficina Espa\u00f1ola de Patentes y Marcas<\/li>\n<li><a href=\"http:\/\/www.madrimasd.org\/blogs\/redlaboratoriosciudadanoscm\/\">Red de laboratorios ciudadanos<\/a><br \/>\nMarcos Garc\u00eda, Isabel Ochoa y Lorena Ruiz<\/li>\n<li><a href=\"http:\/\/www.madrimasd.org\/blogs\/alimentacion\/\">Seguridad Alimentaria y Alimentaci\u00f3n<\/a><br \/>\nCentro de Vigilancia Sanitaria Veterinaria (VISAVET)<\/li>\n<li><a href=\"http:\/\/www.madrimasd.org\/blogs\/sociedadinformacion\/\">Sociedad de la Informaci\u00f3n<\/a><br \/>\n<a href=\"http:\/\/www.networks.imdea.org\/\" target=\"_blank\" rel=\"noopener\">IMDEA Networks<\/a><\/li>\n<li><a href=\"http:\/\/www.madrimasd.org\/blogs\/Madridescorte\/\">S\u00f3lo Madrid es corte<\/a><br \/>\nSusan Campos<\/li>\n<li><a href=\"http:\/\/www.madrimasd.org\/blogs\/imagen_cine_comunicacion_audiovisual\/\">Sombras de Luna<\/a><br \/>\nLuis Deltell Escolar<\/li>\n<li><a href=\"http:\/\/www.madrimasd.org\/blogs\/sostenibilidad_responsabilidad_social\/\">Sostenibilidad y Responsabilidad Social<\/a><br \/>\nCarmen Vallejo<\/li>\n<li><a href=\"http:\/\/www.madrimasd.org\/blogs\/talento-cm-uam\/\">TALENTO-CM @ UAM<\/a><br \/>\ntalento-cam-uam<\/li>\n<li><a href=\"http:\/\/www.madrimasd.org\/blogs\/universo\/\">Un universo invisible bajo nuestros pies<\/a><br \/>\nJuan Jos\u00e9 Ib\u00e1\u00f1ez<\/li>\n<li><a href=\"http:\/\/www.madrimasd.org\/blogs\/virusemergentes\/\">Virus emergentes y cambio global<\/a><br \/>\nMiguel \u00c1ngel Jim\u00e9nez Clavero<\/li>\n<\/ul>\n<\/li>\n<\/ul>\n","protected":false},"excerpt":{"rendered":"<p>Acciones Marie Sk\u0142odowska-Curie Jes\u00fas Rojo Bio (Ciencia+Tecnolog\u00eda) Jos\u00e9 Antonio L\u00f3pez Biolog\u00eda y pensamiento Emilio Cervantes Ciencia Marina y otros asuntos Antonio Figueras Cuaderno de bit\u00e1cora estelar David Barrado Cultura cient\u00edfica Susana P\u00e9rez, Eduardo Ruiz-Rivas, Cristina Mart\u00edn Cultura de Red Jes\u00fas Flores Vivar(GIAIP) De Madrid a Europa Reyes San Segundo \/ Sonia Basulto Documentaci\u00f3n Juan Carlos Marcos Recio\/Juan Miguel S\u00e1nchez Vigil El Agua Jos\u00e9 Aguado Alonso Enfermer\u00eda de Atenci\u00f3n Primaria Sergio Pouso Canive Historia y Relaciones Internacionales Carlos Sanz D\u00edaz Tecnolog\u00edas de la informaci\u00f3n para el mundo del ma\u00f1ana Blanca Guti\u00e9rrez Emprendedores de Base Tecnol\u00f3gica Eduardo D\u00edaz; Rub\u00e9n Linacero; Carlos Romero;\u2026<\/p>\n","protected":false},"author":1,"featured_media":0,"parent":0,"menu_order":15,"comment_status":"closed","ping_status":"closed","template":"","meta":{"_mi_skip_tracking":false,"ngg_post_thumbnail":0},"blocksy_meta":{"styles_descriptor":{"styles":{"desktop":"","tablet":"","mobile":""},"google_fonts":[],"version":4}},"aioseo_notices":[],"_links":{"self":[{"href":"https:\/\/www.madrimasd.org\/blogs\/wp-json\/wp\/v2\/pages\/13"}],"collection":[{"href":"https:\/\/www.madrimasd.org\/blogs\/wp-json\/wp\/v2\/pages"}],"about":[{"href":"https:\/\/www.madrimasd.org\/blogs\/wp-json\/wp\/v2\/types\/page"}],"author":[{"embeddable":true,"href":"https:\/\/www.madrimasd.org\/blogs\/wp-json\/wp\/v2\/users\/1"}],"replies":[{"embeddable":true,"href":"https:\/\/www.madrimasd.org\/blogs\/wp-json\/wp\/v2\/comments?post=13"}],"version-history":[{"count":161,"href":"https:\/\/www.madrimasd.org\/blogs\/wp-json\/wp\/v2\/pages\/13\/revisions"}],"predecessor-version":[{"id":511,"href":"https:\/\/www.madrimasd.org\/blogs\/wp-json\/wp\/v2\/pages\/13\/revisions\/511"}],"wp:attachment":[{"href":"https:\/\/www.madrimasd.org\/blogs\/wp-json\/wp\/v2\/media?parent=13"}],"curies":[{"name":"wp","href":"https:\/\/api.w.org\/{rel}","templated":true}]}}